.
130
Let s(u) = 9*u**2 - 108*u - 31. Determine s(12).
-31
Let g(x) = 2*x**3 - 22*x**2 - 52*x - 8. What is g(13)?
-8
Let f(u) = u**3 - 17*u**2 + 43*u + 24. What is f(15)?
219
Let n(a) = a**2 - 64*a + 391. What is n(57)?
-8
Let u(y) = y**2 + 6*y - 97. What is u(-13)?
-6
Let l(t) = t**3 + 7*t**2 + 3*t + 22. Determine l(-5).
57
Let i(s) = 26*s + 212. Give i(-15).
-178
Let q(i) = i**3 + 52*i**2 + 646*i - 76. Determine q(-21).
29
Let x(t) = 2*t**3 + 3*t**2 + 3*t + 8. Calculate x(0).
8
Let v(h) = -4*h**2 - 47*h + 111. Give v(-8).
231
Let y(c) = 12*c**2 + 34*c + 7. Determine y(-6).
235
Let c(z) = z**2 - 18*z + 54. Give c(16).
22
Let w(d) = -310*d**3 - 4*d + 3. Calculate w(1).
-311
Let n(f) = 175*f + 734. Calculate n(-4).
34
Let q(h) = -2*h**2 - 29*h + 40. Give q(-17).
-45
Let u(y) = 24*y**2 - 12*y + 48. Give u(3).
228
Let x(y) = 3*y**2 - 191*y + 2955. Give x(37).
-5
Let f(i) = -i**2 + 248*i + 2019. Calculate f(-8).
-29
Let w(p) = 4*p**3 + 2*p**2 - 45*p - 100. What is w(-2)?
-34
Let u(v) = v**3 - 26*v**2 + 142*v - 92. Calculate u(18).
-128
Let i(m) = -m**2 + 10600*m + 318904. Calculate i(-30).
4
Let i(a) = -a**3 + 83*a**2 + 89*a - 393. Determine i(84).
27
Let k(y) = -36*y - 174. Determine k(-4).
-30
Let d(x) = -44*x**3 - 2*x**2 + 29*x - 26. What is d(1)?
-43
Let p(c) = -c**3 + 13*c**2 - 2*c + 26. Calculate p(13).
0
Let n(t) = -2465*t - 61627. Calculate n(-25).
-2
Let x(j) = -j**3 + 5*j**2 + 15*j + 46. Determine x(8).
-26
Let f(i) = 8409*i - 16813. What is f(2)?
5
Let k(y) = -y**2 - 26*y + 10. Give k(-20).
130
Let o(x) = -31*x + 285. What is o(9)?
6
Let n(o) = o**3 - 5*o**2 + 9*o - 95. What is n(0)?
-95
Let a(i) = 6*i**3 + 106*i**2 - 39*i - 46. What is a(-18)?
8
Let q(z) = 2*z**3 + 14*z**2 + 16*z - 7. Give q(-6).
-31
Let c(t) = -t**3 - 97*t**2 + 404*t + 19. Calculate c(4).
19
Let w(b) = b**3 - 27*b**2 + 3*b - 14. Calculate w(27).
67
Let d(u) = 98*u**2 - 6072*u - 248. Calculate d(62).
0
Let n(t) = 2*t**3 + 62*t**2 - 216*t + 42. Determine n(-34).
450
Let d(f) = f**3 + 13*f**2 - 206*f - 55. Give d(-22).
121
Let z(v) = -v**2 + 21*v - 32. Give z(13).
72
Let q(p) = 295*p - 6469. Give q(22).
21
Let f(i) = -12*i**2 - 25*i + 285. Give f(4).
-7
Let g(y) = -y**3 - 9*y**2 + 222*y + 46. Calculate g(-20).
6
Let v(o) = -587*o**2 - 39*o + 40. Determine v(1).
-586
Let z(j) = 6*j**3 - 9*j**2 + 6*j + 2. What is z(1)?
5
Let l(k) = 1968*k - 13773. Determine l(7).
3
Let n(y) = 3*y**3 + 48*y**2 + 6*y + 102. Give n(-16).
6
Let a(l) = 33*l**2 + 23*l + 36. What is a(-2)?
122
Let p(k) = 3*k + 102. Calculate p(25).
177
Let t(x) = -29*x**2 - 6*x + 5. What is t(1)?
-30
Let o(y) = -371*y - 370. Calculate o(-1).
1
Let y(m) = m**3 + 31*m**2 - 356*m - 75. Calculate y(-40).
-235
Let s(y) = -110*y + 1. Give s(-1).
111
Let n(k) = -k**2 + 234*k - 1144. Determine n(229).
1
Let s(f) = -3*f**2 + 123*f + 1513. Give s(51).
-17
Let s(k) = 3*k**2 + 19*k - 254. Determine s(-12).
-50
Let f(p) = 32*p**3 - 20*p**2 + 2*p - 1. Give f(1).
13
Let z(j) = -2*j**3 - 21*j**2 + 36*j - 18. Calculate z(-12).
-18
Let a(o) = -2*o**3 - o**2 - 31*o - 11. Calculate a(-6).
571
Let a(v) = -2*v**3 + 55*v**2 + 34*v + 36. Calculate a(28).
204
Let a(b) = -2*b**3 - 8*b**2 + 8. Give a(-2).
-8
Let r(o) = 105*o**2 - o. Determine r(-1).
106
Let d(n) = -2*n**3 + 22*n**2 - 934*n + 9147. What is d(10)?
7
Let z(i) = 380*i + 387. Give z(-1).
7
Let k(d) = -95*d - 3012. Determine k(-32).
28
Let k(r) = -r**3 + 10*r**2 - 180*r + 1571. Give k(9).
32
Let b(l) = 12*l**2 + 86*l - 338. Determine b(-10).
2
Let a(m) = -3*m**2 + 95*m - 57. What is a(32)?
-89
Let s(p) = 66*p - 1183. Give s(12).
-391
Let l(t) = t**3 + 26*t**2 + 73*t + 46. What is l(-23)?
-46
Let c(g) = 485*g + 580. Determine c(-2).
-390
Let o(p) = 8*p**2 - 378*p + 92. What is o(47)?
-2
Let t(j) = -81*j**2 + 1057*j - 15. What is t(13)?
37
Let w(r) = -3*r**2 + 89*r + 39. What is w(30)?
9
Let l(i) = i**3 + 65*i**2 - 78*i + 6. Determine l(-66).
798
Let r(o) = -405*o + 12910. Give r(32).
-50
Let n(l) = -16*l**2 - 277*l - 336. What is n(-16)?
0
Let y(r) = 14*r + 125. What is y(-10)?
-15
Let u(o) = 12*o**2 + 5*o - 111. Give u(0).
-111
Let b(v) = 619*v + 11761. Determine b(-19).
0
Let j(z) = 1126*z - 2228. What is j(2)?
24
Let p(a) = -947*a - 2817. Determine p(-3).
24
Let o(w) = -w**2 - 7*w + 76. Give o(0).
76
Let g(c) = 2*c**2 - 26*c - 216. What is g(-7)?
64
Let u(n) = -n**3 - 31*n**2 - 58*n + 33. Give u(-29).
33
Let q(b) = -18*b**2 - 4*b - 43. Determine q(0).
-43
Let i(n) = -n**3 + 96*n**2 + 1069*n - 944. Determine i(106).
10
Let h(l) = 3*l**3 + 16*l**2 + 33*l + 149. Determine h(-5).
9
Let c(y) = -y**2 - 11*y - 74. Determine c(-9).
-56
Let q(z) = -7*z**2 - 273*z + 9. What is q(-39)?
9
Let r(t) = 84*t - 4446. Determine r(53).
6
Let k(z) = -z**3 - 24*z**2 + 23*z - 66. What is k(-25)?
-16
Let q(j) = 196*j - 3519. Give q(18).
9
Let g(v) = 2*v**2 - 358*v + 1757. Determine g(5).
17
Let s(w) = -52*w + 260. Calculate s(7).
-104
Let r(h) = -h**3 + 61*h**2 - 242*h - 1453. Calculate r(8).
3
Let r(l) = l**3 - 359*l**2 - 1826*l + 2181. Determine r(364).
-3
Let s(c) = -69*c - 108. What is s(-2)?
30
Let j(o) = -3*o**3 - 104*o**2 - 681*o + 48. Determine j(-9).
-60
Let o(k) = k**3 + 10*k**2 + 10*k + 3. Determine o(-9).
-6
Let d(l) = -l**3 + 33*l**2 - 23*l + 5. What is d(32)?
293
Let y(u) = 158*u + 2155. Determine y(-14).
-57
Let i(z) = -z**3 + z**2 - 7*z - 133. Give i(-5).
52
Let m(p) = 2*p**3 + 6*p**2 - 4*p + 1. Give m(-5).
-79
Let x(p) = 5*p**3 + 196*p**2 + 39*p - 2. Determine x(-39).
-2
Let f(a) = a**3 + 6*a**2 - 3833*a + 147. Give f(-65).
17
Let t(a) = -42*a + 807. Determine t(20).
-33
Let n(g) = -g**3 + 17*g**2 - 71*g + 38. What is n(11)?
-17
Let v(j) = 9*j**2 - 14*j + 60. What is v(6)?
300
Let d(s) = -111*s**2 - 41*s - 44. Give d(-1).
-114
Let r(p) = -p**2 + 28*p + 12. Give r(22).
144
Let h(u) = 3028*u - 36336. Calculate h(12).
0
Let d(k) = k**3 - 13*k**2 + 33*k. Calculate d(10).
30
Let i(m) = -2*m**3 - 31*m**2 + 24*m + 171. Determine i(-17).
630
Let k(h) = -38*h + 102. What is k(5)?
-88
Let x(d) = -d**3 + 11*d**2 - 26*d + 5. Calculate x(5).
25
Let z(y) = 210*y**2 - 1684*y + 25. Determine z(8).
-7
Let y(n) = -9*n**2 - 532*n - 81. Calculate y(-59).
-22
Let o(k) = -k**3 + 13*k**2 - 66*k + 13. What is o(6)?
-131
Let c(z) = -z**3 + 28*z**2 - 4*z - 49. What is c(28)?
-161
Let s(d) = -200*d - 1618. Give s(-8).
-18
Let w(t) = -50*t - 3815. Give w(-77).
35
Let i(j) = 145*j + 2087. Give i(-14).
57
Let b(i) = -i**3 - 232*i**2 - 753*i - 15114. Calculate b(-229).
0
Let f(w) = -264*w - 38. Give f(-1).
226
Let k(i) = 70*i + 5989. Calculate k(-87).
-101
Let c(p) = -4*p**3 - 203*p**2 - 152*p - 93. Determine c(-50).
7
Let d(t) = -t**3 - 25*t**2 + 51*t - 931. What is d(-28)?
-7
Let f(o) = -9*o**2 + 20*o - 82. Give f(4).
-146
Let c(w) = -w**2 - 45*w + 256. What is c(-50)?
6
Let q(n) = 472*n**2 - 1411*n. What is q(3)?
15
Let l(n) = -n - 15. Calculate l(-57).
42
Let c(i) = 426*i**3 - 3*i**2 - 2*i. Give c(-1).
-427
Let a(n) = -6*n + 284. What is a(47)?
2
Let g(x) = 142*x - 661. Calculate g(4).
-93
Let m(r) = -2*r**2 + 5*r + 457. What is m(-14)?
-5
Let g(k) = k**3 - 40*k**2 + 377*k + 416. What is g(22)?
-2
Let z(b) = -86*b**2 + 58. Give z(0).
58
Let i(t) = 2*t**3 - 6*t**2 - 9*t - 32. Calculate i(6).
130
Let v(o) = -6*o**2 - 260*o - 330. Calculate v(-42).
6
Let u(c) = 215*c - 14837. Determine u(69).
-2
Let o(c) = 6*c**2 - 369*c + 86. Calculate o(63).
653
Let d(u) = 41*u - 90. Determine d(3).
33
Let h(p) = 4*p**2 - 95*p + 104. Give h(23).
35
Let x(j) = j**2 + 54*j - 51. Determine x(-55).
4
Let u(b) = -19*b - 380. Determine u(-18).
-38
Let s(i) = 5*i**2 + 800*i + 13397. What is s(-141)?
2
Let l(p) = 835*p**3 - p**2 + 3*p + 5. What is l(-1)?
-834
Let d(z) = -z**2 - 286*z - 7220. Give d(-28).
4
Let z(t) = -12*t**2 + 70*t - 14. Give z(6).
-26
Let q(d) = -d**2 + 707*d + 2852. What is q(-4)?
8
Let q(j) = -3*j**2 + 29*j + 154. Calculate q(-11).
-528
Let s(i) = i**3 + 18*i**2 - 120*i + 90. Determine s(-23).
205
Let d(n) = -2*n**3 - 202*n**2 + 208*n + 402. What is d(-102)?
-6
Let j(h) = -2663*h - 10645. Determine j(-4).
7
Let d(s) = -s**3 - 6*s**2 + 165*s + 79. Give d(-16).
-1
Let b(m) = m**3 + 82*m**2 - 438*m - 264. Calculate b(-87).
-3
Let d(g) = -2*g**2 + 54*g + 24. Calculate d(11).
376
Let i(q) = -8*q**2 - 83*q + 162. W